{"id":5538,"date":"2026-01-21T11:34:41","date_gmt":"2026-01-21T10:34:41","guid":{"rendered":"https:\/\/boutique-osoleil.fr\/?post_type=product&#038;p=5538"},"modified":"2026-02-20T11:49:47","modified_gmt":"2026-02-20T10:49:47","slug":"cagoule-alma-blanc","status":"publish","type":"product","link":"https:\/\/boutique-osoleil.fr\/index.php\/produit\/cagoule-alma-blanc\/","title":{"rendered":"Cagoule Alma &#8211; Blanc"},"content":{"rendered":"<h3 data-start=\"184\" data-end=\"216\">\u2728 Cagoule en maille <strong data-start=\"208\" data-end=\"216\">Alma<\/strong><\/h3>\n<p data-start=\"218\" data-end=\"499\">La cagoule <strong data-start=\"229\" data-end=\"237\">Alma<\/strong> est l\u2019accessoire incontournable pour affronter la saison froide avec style et confort. Confectionn\u00e9e dans une <strong data-start=\"348\" data-end=\"376\">maille douce et agr\u00e9able<\/strong>, elle enveloppe la t\u00eate et le cou pour une protection optimale contre le froid, tout en restant l\u00e9g\u00e8re et facile \u00e0 porter.<\/p>\n<p data-start=\"501\" data-end=\"811\">Gr\u00e2ce \u00e0 sa <strong data-start=\"512\" data-end=\"534\">coupe enveloppante<\/strong> et son <strong data-start=\"542\" data-end=\"571\">lien de serrage ajustable<\/strong>, <strong data-start=\"573\" data-end=\"581\">Alma<\/strong> s\u2019adapte parfaitement \u00e0 toutes les morphologies et \u00e0 toutes les envies de style. \u00c0 porter aussi bien avec un manteau qu\u2019avec une doudoune ou une grosse maille, elle apporte une touche tendance et moderne \u00e0 n\u2019importe quelle tenue.<\/p>\n<p data-start=\"813\" data-end=\"923\">D\u00e9clin\u00e9e en <strong data-start=\"825\" data-end=\"846\">plusieurs coloris<\/strong>, <strong data-start=\"848\" data-end=\"856\">Alma<\/strong> est la pi\u00e8ce id\u00e9ale \u00e0 collectionner ou \u00e0 assortir selon les looks.<\/p>\n<p data-start=\"930\" data-end=\"945\"><strong data-start=\"930\" data-end=\"943\">D\u00e9tails :<\/strong><\/p>\n<ul data-start=\"946\" data-end=\"1087\">\n<li data-start=\"946\" data-end=\"967\">\n<p data-start=\"948\" data-end=\"967\">Cagoule en maille<\/p>\n<\/li>\n<li data-start=\"968\" data-end=\"1000\">\n<p data-start=\"970\" data-end=\"1000\">Mati\u00e8re douce et confortable<\/p>\n<\/li>\n<li data-start=\"1001\" data-end=\"1030\">\n<p data-start=\"1003\" data-end=\"1030\">Lien de serrage ajustable<\/p>\n<\/li>\n<li data-start=\"1031\" data-end=\"1053\">\n<p data-start=\"1033\" data-end=\"1053\">Coupe enveloppante<\/p>\n<\/li>\n<li data-start=\"1054\" data-end=\"1087\">\n<p data-start=\"1056\" data-end=\"1087\">D\u00e9clin\u00e9e en plusieurs coloris<\/p>\n<\/li>\n<\/ul>\n<p data-start=\"1089\" data-end=\"1125\"><strong data-start=\"1089\" data-end=\"1106\">Composition :<\/strong><br data-start=\"1106\" data-end=\"1109\" \/>\ud83d\udc49 65% Polycrylic, 17% Polyamide, 9% Lana, 9%Viscose<\/p>\n<p data-start=\"1089\" data-end=\"1125\">Made in Italy<\/p>\n<p data-start=\"1127\" data-end=\"1272\">\n","protected":false},"excerpt":{"rendered":"<p>\u2728 Cagoule en maille Alma La cagoule Alma est l\u2019accessoire incontournable pour affronter la saison froide avec style et confort. Confectionn\u00e9e dans une maille douce et agr\u00e9able, elle enveloppe la t\u00eate et le cou pour une protection optimale contre le froid, tout en restant l\u00e9g\u00e8re et facile \u00e0 porter. Gr\u00e2ce \u00e0 sa coupe enveloppante et [&hellip;]<\/p>\n","protected":false},"featured_media":5540,"comment_status":"open","ping_status":"closed","template":"","meta":{"_et_pb_use_builder":"","_et_pb_old_content":"","_et_gb_content_width":"","_monsterinsights_skip_tracking":false,"_monsterinsights_sitenote_active":false,"_monsterinsights_sitenote_note":"","_monsterinsights_sitenote_category":0,"_uf_show_specific_survey":0,"_uf_disable_surveys":false},"product_brand":[],"product_cat":[46],"product_tag":[],"class_list":{"0":"post-5538","1":"product","2":"type-product","3":"status-publish","4":"has-post-thumbnail","6":"product_cat-bonnets-echarpes-et-gants","8":"first","9":"instock","10":"shipping-taxable","11":"purchasable","12":"product-type-variable"},"aioseo_notices":[],"_links":{"self":[{"href":"https:\/\/boutique-osoleil.fr\/index.php\/wp-json\/wp\/v2\/product\/5538","targetHints":{"allow":["GET"]}}],"collection":[{"href":"https:\/\/boutique-osoleil.fr\/index.php\/wp-json\/wp\/v2\/product"}],"about":[{"href":"https:\/\/boutique-osoleil.fr\/index.php\/wp-json\/wp\/v2\/types\/product"}],"replies":[{"embeddable":true,"href":"https:\/\/boutique-osoleil.fr\/index.php\/wp-json\/wp\/v2\/comments?post=5538"}],"wp:featuredmedia":[{"embeddable":true,"href":"https:\/\/boutique-osoleil.fr\/index.php\/wp-json\/wp\/v2\/media\/5540"}],"wp:attachment":[{"href":"https:\/\/boutique-osoleil.fr\/index.php\/wp-json\/wp\/v2\/media?parent=5538"}],"wp:term":[{"taxonomy":"product_brand","embeddable":true,"href":"https:\/\/boutique-osoleil.fr\/index.php\/wp-json\/wp\/v2\/product_brand?post=5538"},{"taxonomy":"product_cat","embeddable":true,"href":"https:\/\/boutique-osoleil.fr\/index.php\/wp-json\/wp\/v2\/product_cat?post=5538"},{"taxonomy":"product_tag","embeddable":true,"href":"https:\/\/boutique-osoleil.fr\/index.php\/wp-json\/wp\/v2\/product_tag?post=5538"}],"curies":[{"name":"wp","href":"https:\/\/api.w.org\/{rel}","templated":true}]}}